{"id":40,"date":"2022-09-29T22:52:30","date_gmt":"2022-09-29T22:52:30","guid":{"rendered":"http:\/\/palmcitytrade.com\/?page_id=40"},"modified":"2022-10-16T10:46:17","modified_gmt":"2022-10-16T10:46:17","slug":"keep-in-touch-with-us","status":"publish","type":"page","link":"https:\/\/palmcitytrade.com\/index.php\/keep-in-touch-with-us\/","title":{"rendered":"KEEP IN TOUCH WITH US"},"content":{"rendered":"\n<figure class=\"wp-block-image\"><img loading=\"lazy\" width=\"1920\" height=\"670\" src=\"http:\/\/palmcitytrade.com\/wp-content\/uploads\/2022\/09\/3m-intertape-tesa-vibac-sicad-ubic-grade-filament-tape-made-in-china-rudder-tape.jpg\" alt=\"\" class=\"wp-image-43\" srcset=\"https:\/\/palmcitytrade.com\/wp-content\/uploads\/2022\/09\/3m-intertape-tesa-vibac-sicad-ubic-grade-filament-tape-made-in-china-rudder-tape.jpg 1920w, https:\/\/palmcitytrade.com\/wp-content\/uploads\/2022\/09\/3m-intertape-tesa-vibac-sicad-ubic-grade-filament-tape-made-in-china-rudder-tape-300x105.jpg 300w, https:\/\/palmcitytrade.com\/wp-content\/uploads\/2022\/09\/3m-intertape-tesa-vibac-sicad-ubic-grade-filament-tape-made-in-china-rudder-tape-1024x357.jpg 1024w, https:\/\/palmcitytrade.com\/wp-content\/uploads\/2022\/09\/3m-intertape-tesa-vibac-sicad-ubic-grade-filament-tape-made-in-china-rudder-tape-768x268.jpg 768w, https:\/\/palmcitytrade.com\/wp-content\/uploads\/2022\/09\/3m-intertape-tesa-vibac-sicad-ubic-grade-filament-tape-made-in-china-rudder-tape-1536x536.jpg 1536w\" sizes=\"(max-width: 1920px) 100vw, 1920px\" \/><\/figure>\n\n\n\n<div class=\"wp-container-6 wp-block-group is-style-default\">\n<div class=\"wp-container-5 wp-block-columns\">\n<div class=\"wp-container-4 wp-block-column\" style=\"flex-basis:100%\">\n<div class=\"wp-container-3 wp-block-columns\">\n<div class=\"wp-container-2 wp-block-column\" style=\"flex-basis:100%\">\n<div class=\"wp-container-1 is-vertical wp-block-group is-style-default has-tiny-font-size\" style=\"border-radius:0px;text-transform:uppercase\">\n<pre class=\"wp-block-preformatted has-large-font-size\"><\/pre>\n<\/div>\n\n\n<div class=\"wpforms-container wpforms-container-full\" id=\"wpforms-336\"><form id=\"wpforms-form-336\" class=\"wpforms-validate wpforms-form wpforms-ajax-form\" data-formid=\"336\" method=\"post\" enctype=\"multipart\/form-data\" action=\"\/index.php\/wp-json\/wp\/v2\/pages\/40\" data-token=\"3e133e1b481afd409d9095562c35ba2b\"><noscript class=\"wpforms-error-noscript\">Please enable JavaScript in your browser to complete this form.<\/noscript><div class=\"wpforms-field-container\"><div id=\"wpforms-336-field_0-container\" class=\"wpforms-field wpforms-field-name\" data-field-id=\"0\"><label class=\"wpforms-field-label\" for=\"wpforms-336-field_0\">Name <span class=\"wpforms-required-label\">*<\/span><\/label><div class=\"wpforms-field-row wpforms-field-medium\"><div class=\"wpforms-field-row-block wpforms-first wpforms-one-half\"><input type=\"text\" id=\"wpforms-336-field_0\" class=\"wpforms-field-name-first wpforms-field-required\" name=\"wpforms[fields][0][first]\" required><label for=\"wpforms-336-field_0\" class=\"wpforms-field-sublabel after \">First<\/label><\/div><div class=\"wpforms-field-row-block wpforms-one-half\"><input type=\"text\" id=\"wpforms-336-field_0-last\" class=\"wpforms-field-name-last wpforms-field-required\" name=\"wpforms[fields][0][last]\" required><label for=\"wpforms-336-field_0-last\" class=\"wpforms-field-sublabel after \">Last<\/label><\/div><\/div><\/div><div id=\"wpforms-336-field_1-container\" class=\"wpforms-field wpforms-field-email\" data-field-id=\"1\"><label class=\"wpforms-field-label\" for=\"wpforms-336-field_1\">Email <span class=\"wpforms-required-label\">*<\/span><\/label><input type=\"email\" id=\"wpforms-336-field_1\" class=\"wpforms-field-medium wpforms-field-required\" name=\"wpforms[fields][1]\" required><\/div><div id=\"wpforms-336-field_3-container\" class=\"wpforms-field wpforms-field-number\" data-field-id=\"3\"><label class=\"wpforms-field-label\" for=\"wpforms-336-field_3\">PHONE NUMBER <span class=\"wpforms-required-label\">*<\/span><\/label><input type=\"number\" pattern=\"\\d*\" id=\"wpforms-336-field_3\" class=\"wpforms-field-medium wpforms-field-required\" name=\"wpforms[fields][3]\" required><\/div><div id=\"wpforms-336-field_4-container\" class=\"wpforms-field wpforms-field-text\" data-field-id=\"4\"><label class=\"wpforms-field-label\" for=\"wpforms-336-field_4\">Subject <span class=\"wpforms-required-label\">*<\/span><\/label><input type=\"text\" id=\"wpforms-336-field_4\" class=\"wpforms-field-medium wpforms-field-required\" name=\"wpforms[fields][4]\" required><\/div><div id=\"wpforms-336-field_2-container\" class=\"wpforms-field wpforms-field-textarea\" data-field-id=\"2\"><label class=\"wpforms-field-label\" for=\"wpforms-336-field_2\">Comment or Message <span class=\"wpforms-required-label\">*<\/span><\/label><textarea id=\"wpforms-336-field_2\" class=\"wpforms-field-medium wpforms-field-required\" name=\"wpforms[fields][2]\" required><\/textarea><\/div><\/div><div class=\"wpforms-submit-container\"><input type=\"hidden\" name=\"wpforms[id]\" value=\"336\"><input type=\"hidden\" name=\"wpforms[author]\" value=\"1\"><button type=\"submit\" name=\"wpforms[submit]\" id=\"wpforms-submit-336\" class=\"wpforms-submit\" data-alt-text=\"Sending...\" data-submit-text=\"Submit\" aria-live=\"assertive\" value=\"wpforms-submit\">Submit<\/button><img src=\"https:\/\/palmcitytrade.com\/wp-content\/plugins\/wpforms-lite\/assets\/images\/submit-spin.svg\" class=\"wpforms-submit-spinner\" style=\"display: none;\" width=\"26\" height=\"26\" alt=\"Loading\"><\/div><\/form><\/div>  <!-- .wpforms-container --><\/div>\n<\/div>\n<\/div>\n<\/div>\n<\/div>\n\n\n\n<div class=\"wp-container-8 wp-block-columns\">\n<div class=\"wp-container-7 wp-block-column is-style-default\" style=\"flex-basis:100%\">\n<pre id=\"block-7039b6f5-a9b0-4428-802c-95812c097043\" class=\"wp-block-preformatted has-large-font-size\"><\/pre>\n\n\n\n<h2>HEADQUARTER &#8211; TURKEY<\/h2>\n\n\n\n<pre id=\"block-f8ef8659-529d-45ee-9412-ef4e8b3647c2\" class=\"wp-block-preformatted\">PALM CITY GIDA MOB. TEKS. IN\u015e. K.YEM\u0130\u015e \u0130TH.\u0130HR. SAN. VE T\u0130C. LTD. \u015eT\u0130.<\/pre>\n\n\n\n<p class=\"is-style-plain has-luminous-vivid-amber-color has-text-color has-tiny-font-size\">Mesudiye Mahallesi Fasih kayabal\u0131 Caddesi No:90 Kat:4 No: 21 Akdeniz \/ Mersin \/ T\u00fcrkiye <\/p>\n<\/div>\n<\/div>\n\n\n\n<p class=\"has-luminous-vivid-amber-color has-text-color\">+90 530 588 64 33 <\/p>\n\n\n\n<p class=\"has-luminous-vivid-amber-color has-text-color\">For General inquiries : export@palmcitytrade.com<\/p>\n\n\n\n<p>For Nuts &amp; Dry Fruits Import Inquiries : export@misiroglunuts.com<\/p>\n\n\n\n<div class=\"wp-container-9 wp-block-group\">\n<h2>EGYPT OFFICE<\/h2>\n\n\n\n<p>6 OF OCTOBER CITY 6TH DISTRICT BLOCK NO:20 1ST FLOOR NO:2 GIZA EGYPT<\/p>\n<\/div>\n\n\n<p><iframe loading=\"lazy\" style=\"border: 0;\" src=\"https:\/\/www.google.com\/maps\/embed?pb=!1m18!1m12!1m3!1d3194.583134923856!2d34.62237531514478!3d36.80454407994757!2m3!1f0!2f0!3f0!3m2!1i1024!2i768!4f13.1!3m3!1m2!1s0x1527f32dde679117%3A0x920e71e224e2fbc7!2sPALM%20CITY%20TRADE%20GIDA%20BAKLIYAT%20KURUYEM%C4%B0%C5%9E%20ITH%20IHR!5e0!3m2!1sen!2str!4v1664491618699!5m2!1sen!2str\" allowfullscreen=\"allowfullscreen\" width=\"350\" height=\"350\"><\/iframe><\/p>\n\n\n\n\n\n\n\n\n\n\n\n","protected":false},"excerpt":{"rendered":"<p>HEADQUARTER &#8211; TURKEY PALM CITY GIDA MOB. TEKS. IN\u015e. K.YEM\u0130\u015e \u0130TH.\u0130HR. SAN. VE T\u0130C. LTD. \u015eT\u0130. Mesudiye Mahallesi Fasih kayabal\u0131 Caddesi No:90 Kat:4 No: 21 Akdeniz \/ Mersin \/ T\u00fcrkiye +90 530 588 64 33 For General inquiries : export@palmcitytrade.com For Nuts &amp; Dry Fruits Import Inquiries : export@misiroglunuts.com EGYPT OFFICE 6 OF OCTOBER CITY 6TH DISTRICT BLOCK NO:20 1ST FLOOR NO:2 GIZA EGYPT<\/p>\n","protected":false},"author":1,"featured_media":0,"parent":0,"menu_order":0,"comment_status":"closed","ping_status":"closed","template":"","meta":{"om_disable_all_campaigns":false,"_monsterinsights_skip_tracking":false,"_monsterinsights_sitenote_active":false,"_monsterinsights_sitenote_note":"","_monsterinsights_sitenote_category":0},"aioseo_notices":[],"_links":{"self":[{"href":"https:\/\/palmcitytrade.com\/index.php\/wp-json\/wp\/v2\/pages\/40"}],"collection":[{"href":"https:\/\/palmcitytrade.com\/index.php\/wp-json\/wp\/v2\/pages"}],"about":[{"href":"https:\/\/palmcitytrade.com\/index.php\/wp-json\/wp\/v2\/types\/page"}],"author":[{"embeddable":true,"href":"https:\/\/palmcitytrade.com\/index.php\/wp-json\/wp\/v2\/users\/1"}],"replies":[{"embeddable":true,"href":"https:\/\/palmcitytrade.com\/index.php\/wp-json\/wp\/v2\/comments?post=40"}],"version-history":[{"count":20,"href":"https:\/\/palmcitytrade.com\/index.php\/wp-json\/wp\/v2\/pages\/40\/revisions"}],"predecessor-version":[{"id":566,"href":"https:\/\/palmcitytrade.com\/index.php\/wp-json\/wp\/v2\/pages\/40\/revisions\/566"}],"wp:attachment":[{"href":"https:\/\/palmcitytrade.com\/index.php\/wp-json\/wp\/v2\/media?parent=40"}],"curies":[{"name":"wp","href":"https:\/\/api.w.org\/{rel}","templated":true}]}}